e prime factors of 10197191?
1069, 9539
What are the prime factors of 1191696880?
2, 5, 11, 127, 10663
What are the prime factors of 853031633?
37, 23054909
What are the prime factors of 4223422607?
53, 257, 311, 997
What are the prime factors of 283891161?
3, 53, 79, 97, 233
List the prime factors of 663106376.
2, 23, 467, 7717
What are the prime factors of 246940382?
2, 13, 149, 63743
What are the prime factors of 571345?
5, 114269
What are the prime factors of 48047785?
5, 9609557
List the prime factors of 1388243130.
2, 3, 5, 46274771
List the prime factors of 13335089.
17, 107, 7331
What are the prime factors of 601784456?
2, 7, 13, 181, 4567
List the prime factors of 2415863860.
2, 5, 120793193
List the prime factors of 1888120241.
7, 10739, 25117
What are the prime factors of 53525162?
2, 37, 113, 173
List the prime factors of 7932299233.
41, 151, 1281263
List the prime factors of 180910936.
2, 73, 309779
List the prime factors of 1001691759.
3, 1637, 203969
List the prime factors of 843757830.
2, 3, 5, 3125029
What are the prime factors of 7602115?
5, 1520423
What are the prime factors of 12371735?
5, 241, 10267
What are the prime factors of 64287812?
2, 17, 945409
List the prime factors of 699617305.
5, 3221, 43441
What are the prime factors of 536994302?
2, 13, 19, 41, 26513
What are the prime factors of 456343434?
2, 3, 43, 589591
List the prime factors of 1821974033.
11, 165634003
List the prime factors of 532694886.
2, 3, 31, 2863951
List the prime factors of 186359647.
2467, 75541
What are the prime factors of 312645120?
2, 3, 5, 40709
What are the prime factors of 53080085?
5, 10616017
List the prime factors of 224957905.
5, 193, 233117
List the prime factors of 92419177.
79, 691, 1693
What are the prime factors of 1987492131?
3, 19, 11622761
What are the prime factors of 1174057644?
2, 3, 307, 318691
What are the prime factors of 565958976?
2, 3, 11, 23, 61, 191
What are the prime factors of 271290510?
2, 3, 5, 953, 3163
List the prime factors of 174046251.
3, 19, 3053443
List the prime factors of 5420372393.
5420372393
What are the prime factors of 659317041?
3, 73257449
What are the prime factors of 37158773?
29, 71, 18047
What are the prime factors of 2634344199?
3, 292704911
List the prime factors of 81594953.
11, 37, 433, 463
What are the prime factors of 18341281?
7, 23, 113921
List the prime factors of 2122844530.
2, 5, 61, 3480073
What are the prime factors of 199689169?
79, 293, 8627
What are the prime factors of 452668875?
3, 5, 1207117
List the prime factors of 41256504.
2, 3, 573007
What are the prime factors of 36896196?
2, 3, 89, 179, 193
What are the prime factors of 157121683?
467, 509, 661
List the prime factors of 143043239.
3019, 47381
What are the prime factors of 300698846?
2, 7, 21478489
What are the prime factors of 5103957497?
821, 6216757
List the prime factors of 135681449.
135681449
List the prime factors of 629980711.
173, 3641507
What are the prime factors of 919532262?
2, 3, 11, 13932307
List the prime factors of 168242537.
168242537
What are the prime factors of 3160698880?
2, 5, 157, 983
What are the prime factors of 294217643?
294217643
What are the prime factors of 1193327803?
1193327803
List the prime factors of 405168395.
5, 17, 401, 11887
What are the prime factors of 279834757?
47, 197, 30223
What are the prime factors of 2716695572?
2, 163, 349, 11939
What are the prime factors of 705250452?
2, 3, 2749, 21379
List the prime factors of 45021776.
2, 499, 5639
List the prime factors of 158337214.
2, 7, 67, 168803
List the prime factors of 65964657.
3, 11, 131, 15259
What are the prime factors of 91900024?
2, 41, 280183
What are the prime factors of 451712276?
2, 3299, 34231
List the prime factors of 739012004.
2, 557, 331693
List the prime factors of 4910161.
17, 288833
List the prime factors of 466861108.
2, 7, 1361, 12251
List the prime factors of 101255897.
101255897
What are the prime factors of 27103546?
2, 97, 139709
What are the prime factors of 49366012?
2, 31, 398113
List the prime factors of 55547347.
17, 71, 46021
What are the prime factors of 35250887?
7, 5035841
List the prime factors of 52756396.
2, 7, 11, 157, 1091
What are the prime factors of 45439756?
2, 11359939
List the prime factors of 3407217833.
3407217833
List the prime factors of 1374755239.
11, 13, 37, 259829
List the prime factors of 50462137.
11, 17, 269851
List the prime factors of 255101274.
2, 3, 73, 194141
What are the prime factors of 20429089?
557, 36677
What are the prime factors of 1534510312?
2, 191813789
List the prime factors of 263575643.
71, 3712333
List the prime factors of 1010376558.
2, 3, 1223, 15299
List the prime factors of 128739354.
2, 3, 37, 579907
List the prime factors of 46518399.
3, 5168711
List the prime factors of 92942036.
2, 11, 192029
List the prime factors of 28869005.
5, 11, 127, 4133
List the prime factors of 141816858.
2, 3, 401, 58943
What are the prime factors of 26368738?
2, 11, 277, 4327
What are the prime factors of 82976220?
2, 3, 5, 460979
What are the prime factors of 488980938?
2, 3, 81496823
What are the prime factors of 514179844?
2, 401, 320561
What are the prime factors of 1171462963?
11, 106496633
List the prime factors of 621629423.
7727, 80449
What are the prime factors of 331790873?
1291, 257003
List the prime factors of 78806636.
2, 19701659
What are the prime factors of 412367624?
2, 3847, 13399
What are the prime factors of 703831401?
3, 7, 13, 179, 4801
What are the prime factors of 38063057?
3313, 11489
List the prime factors of 3225723235.
5, 7, 6679, 13799
List the prime factors of 1337999969.
19, 397, 177383
List the prime factors of 397881034.
2, 198940517
List the prime factors of 802866554.
2, 7, 57347611
List the prime factors of 334423373.
179, 1868287
What are the prime factors of 479601994?
2, 17, 14105941
What are the prime factors of 1830487200?
2, 3, 5, 23, 33161
List the prime factors of 2358344.
2, 294793
What are the prime factors of 460657225?
5, 7, 23, 193, 593
List the prime factors of 8503158066.
2, 3, 13, 43, 1031, 2459
List the prime factors of 254470548.
2, 3, 21205879
What are the prime factors of 177926133?
3, 7, 11, 349, 2207
List the prime factors of 383509054.
2, 5591, 34297
What are the prime factors of 540568391?
11, 191, 457, 563
List the prime factors of 87724935.
3, 5, 269, 7247
List the prime factors of 7049025872.
2, 7, 62937731
What are the prime factors of 173785161?
3, 11, 478747
List the prime factors of 17423235.
3, 5, 129061
List the prime factors of 180465534.
2, 3, 19, 157, 3361
List the prime factors of 165693857.
7, 23670551
List the prime factors of 930675040.
2, 5, 103, 56473
List the prime factors of 218105813.
157, 1389209
What are the prime factors of 332488499?
7, 17, 607, 4603
List the prime factors of 1643060345.
5, 71, 1181, 3919
What are the prime factors of 136151441?
4337, 31393
What are the prime factors of 1432635062?
2, 716317531
List the prime factors of 2424279010.
2, 5, 89, 2723909
List the prime factors of 2546000.
2, 5, 19, 67
What are the prime factors of 623307888?
2, 3, 7, 618361
What are the prime factors of 7342111?
7, 149839
List the prime factors of 157359476.
2, 41, 89, 10781
What are the prime factors of 50816062?
2, 11, 23, 29, 3463
List the prime factors of 406356889.
406356889
What are the prime factors of 45043923?
3, 109, 139, 991
What are the prime factors of 506289253?
506289253
List the prime factors of 3892630628.
2, 973157657
List the prime factors of 64439813.
23, 71, 39461
List the prime factors of 26657750.
2, 5, 7, 15233
List the prime factors of 73948110.
2, 3, 5, 2464937
List the prime factors of 77089132.
2, 19272283
List the prime factors of 2728737642.
2, 3, 37, 1291, 9521
What are the prime factors of 145973204?
2, 13, 2807177
What are the prime factors of 3737205307?
11, 2161, 157217
List the prime factors of 316805947.
29, 1259, 8677
What are the prime factors of 59287242?
2, 3, 7, 61, 73, 317
What are the prime factors of 408283155?
3, 5, 7, 1296137
List the prime factors of 148697144.
2, 397, 46819
List the prime factors of 395573479.
7, 47, 751, 1601
What are the prime factors of 2107758770?
2, 5, 13, 17, 167, 5711
What are the prime factors of 1541952364?
